{"id":213,"date":"2009-09-28T22:47:36","date_gmt":"2009-09-29T02:47:36","guid":{"rendered":"http:\/\/www.josettevilleneuve.com\/?page_id=213"},"modified":"2015-12-16T23:11:11","modified_gmt":"2015-12-17T04:11:11","slug":"emballer-le-banal-biec09","status":"publish","type":"page","link":"http:\/\/www.josettevilleneuve.com\/?page_id=213","title":{"rendered":"Emballer le banal \/ BIEC09"},"content":{"rendered":"<p>Participation de Josette Villeneuve au projet EMBALLER LE BANAL qui se d\u00e9roule du 21 juin au 6 septembre 2009 \u00e0 Trois-Rivi\u00e8res .<\/p>\n<h3>\u00c9v\u00e9nement parall\u00e8le de la Biennale internationale d&rsquo;estampe contemporaine de Trois-Rivi\u00e8res<\/h3>\n<p style=\"text-align: left;\"><a href=\"http:\/\/www.josettevilleneuve.com\/wp-content\/uploads\/2009\/07\/emballer-le-banal10.jpg\" target=\"_blank\"><img loading=\"lazy\" class=\"alignnone size-medium wp-image-204\" title=\"emballer-le-banal10\" src=\"http:\/\/www.josettevilleneuve.com\/wp-content\/uploads\/2009\/07\/emballer-le-banal10-300x215.jpg\" alt=\"25 juin 2009\" width=\"300\" height=\"215\" srcset=\"http:\/\/www.josettevilleneuve.com\/wp-content\/uploads\/2009\/07\/emballer-le-banal10-300x215.jpg 300w, http:\/\/www.josettevilleneuve.com\/wp-content\/uploads\/2009\/07\/emballer-le-banal10.jpg 799w\" sizes=\"(max-width: 300px) 100vw, 300px\" \/><\/a><\/p>\n<pre style=\"text-align: left;\">Josette Villeneuve (Qu\u00e9bec), artiste invit\u00e9e.<\/pre>\n<p style=\"text-align: left;\"><a href=\"http:\/\/www.josettevilleneuve.com\/wp-content\/uploads\/2009\/07\/emballer-le-banal11.jpg\" target=\"_blank\"><img loading=\"lazy\" class=\"alignnone size-medium wp-image-205\" title=\"emballer-le-banal11\" src=\"http:\/\/www.josettevilleneuve.com\/wp-content\/uploads\/2009\/07\/emballer-le-banal11-300x226.jpg\" alt=\"juin 2009\" width=\"300\" height=\"226\" srcset=\"http:\/\/www.josettevilleneuve.com\/wp-content\/uploads\/2009\/07\/emballer-le-banal11-300x226.jpg 300w, http:\/\/www.josettevilleneuve.com\/wp-content\/uploads\/2009\/07\/emballer-le-banal11.jpg 1440w\" sizes=\"(max-width: 300px) 100vw, 300px\" \/><\/a><a href=\"http:\/\/www.josettevilleneuve.com\/wp-content\/uploads\/2009\/07\/emballer-le-banal9.jpg\" target=\"_blank\"><img loading=\"lazy\" class=\"alignnone size-medium wp-image-203\" title=\"emballer-le-banal9\" src=\"http:\/\/www.josettevilleneuve.com\/wp-content\/uploads\/2009\/07\/emballer-le-banal9-300x224.jpg\" alt=\"25 juin 2009\" width=\"207\" height=\"177\" \/><\/a><\/p>\n<p>Josette Tr\u00e9panier (Qu\u00e9bec), Naoji Ishiyama (Finlande) :laur\u00e9at du Prix Banque Nationale Groupe<br \/>\nfinancier, Aline Beaudoin (Qu\u00e9bec), Denise Pelletier (Qu\u00e9bec) \u00e0 l&rsquo;atelier Presse Papier.<br \/>\nMartin Garcia-Rivera (Puerto Rico), laur\u00e9at du Prix Invitation Presse Papier<br \/>\net Aline Beaudoin (Qu\u00e9bec).<br \/>\nCr\u00e9dit photo : Josette Villeneuve<\/p>\n<p>Les artistes membre de l&rsquo;atelier Presse Papier, des laur\u00e9ats de la BIEC et des artistes invit\u00e9s<br \/>\nde divers ateliers du Qu\u00e9bec r\u00e9aliseront une s\u00e9rigraphie qui servira \u00e0 la cr\u00e9ation d&rsquo;une<br \/>\ncourte pointe g\u00e9ante. Le recyclage est au centre de ce projet collectif o\u00f9 le mat\u00e9riel utilis\u00e9<br \/>\nsera majoritairement r\u00e9cup\u00e9r\u00e9.<br \/>\nL&rsquo;oeuvre finale fera l&rsquo;objet d&rsquo;un happening au mois de juillet pour emballer des objets faisant<br \/>\npartie de l&rsquo;environnement trifluvien. Le rallye invite le public \u00e0 suivre le trajet de la<br \/>\ncourtepointe et \u00e0 red\u00e9couvrir le centre-ville de Trois-Rivi\u00e8res.<br \/>\nSource : fascicule publicitaire de la BIEC<br \/>\nDes artistes emballent le banal \u00e0 lire sur : cyberpresse.ca \/Le Nouvelliste,<br \/>\n9 ao\u00fbt 2009, Arts et spectacle.<\/p>\n<p><a href=\"http:\/\/www.josettevilleneuve.com\/wp-content\/uploads\/2009\/08\/980151.jpg\"><img loading=\"lazy\" class=\"alignnone size-medium wp-image-208\" title=\"photo : Andr\u00e9anne Lemire\" src=\"http:\/\/www.josettevilleneuve.com\/wp-content\/uploads\/2009\/08\/980151-300x200.jpg\" alt=\"Emballer le banal\" width=\"300\" height=\"200\" srcset=\"http:\/\/www.josettevilleneuve.com\/wp-content\/uploads\/2009\/08\/980151-300x200.jpg 300w, http:\/\/www.josettevilleneuve.com\/wp-content\/uploads\/2009\/08\/980151.jpg 435w\" sizes=\"(max-width: 300px) 100vw, 300px\" \/><\/a><\/p>\n<pre>Photo : Andr\u00e9anne Lemire.<\/pre>\n","protected":false},"excerpt":{"rendered":"<p>Participation de Josette Villeneuve au projet EMBALLER LE BANAL qui se d\u00e9roule du 21 juin au 6 septembre 2009 \u00e0 Trois-Rivi\u00e8res . \u00c9v\u00e9nement parall\u00e8le de la Biennale internationale d&rsquo;estampe contemporaine de Trois-Rivi\u00e8res Josette Villeneuve (Qu\u00e9bec), artiste invit\u00e9e. Josette Tr\u00e9panier (Qu\u00e9bec), Naoji Ishiyama (Finlande) :laur\u00e9at du Prix Banque Nationale Groupe financier, Aline Beaudoin (Qu\u00e9bec), Denise Pelletier<a class=\"rmore\" href=\"http:\/\/www.josettevilleneuve.com\/?page_id=213\">&nbsp;&nbsp; Read More &#8230;<\/a><\/p>\n","protected":false},"author":1,"featured_media":0,"parent":109,"menu_order":64,"comment_status":"open","ping_status":"open","template":"","meta":[],"_links":{"self":[{"href":"http:\/\/www.josettevilleneuve.com\/index.php?rest_route=\/wp\/v2\/pages\/213"}],"collection":[{"href":"http:\/\/www.josettevilleneuve.com\/index.php?rest_route=\/wp\/v2\/pages"}],"about":[{"href":"http:\/\/www.josettevilleneuve.com\/index.php?rest_route=\/wp\/v2\/types\/page"}],"author":[{"embeddable":true,"href":"http:\/\/www.josettevilleneuve.com\/index.php?rest_route=\/wp\/v2\/users\/1"}],"replies":[{"embeddable":true,"href":"http:\/\/www.josettevilleneuve.com\/index.php?rest_route=%2Fwp%2Fv2%2Fcomments&post=213"}],"version-history":[{"count":9,"href":"http:\/\/www.josettevilleneuve.com\/index.php?rest_route=\/wp\/v2\/pages\/213\/revisions"}],"predecessor-version":[{"id":3055,"href":"http:\/\/www.josettevilleneuve.com\/index.php?rest_route=\/wp\/v2\/pages\/213\/revisions\/3055"}],"up":[{"embeddable":true,"href":"http:\/\/www.josettevilleneuve.com\/index.php?rest_route=\/wp\/v2\/pages\/109"}],"wp:attachment":[{"href":"http:\/\/www.josettevilleneuve.com\/index.php?rest_route=%2Fwp%2Fv2%2Fmedia&parent=213"}],"curies":[{"name":"wp","href":"https:\/\/api.w.org\/{rel}","templated":true}]}}