{"id":1807,"date":"2012-12-11T22:12:31","date_gmt":"2012-12-12T02:12:31","guid":{"rendered":"http:\/\/www.josettevilleneuve.com\/?page_id=1807"},"modified":"2015-07-17T14:19:50","modified_gmt":"2015-07-17T18:19:50","slug":"partir-ou-rester-la-2","status":"publish","type":"page","link":"https:\/\/www.josettevilleneuve.com\/?page_id=1807","title":{"rendered":"Partir ou rester l\u00e0"},"content":{"rendered":"<p>Projet collectif \u00e0 3 volets :<\/p>\n<ol>\n<li><a title=\"Jeux du Qu\u00e9bec\" href=\"http:\/\/www.josettevilleneuve.com\/?page_id=1792\">Jeux du Qu\u00e9bec<\/a><\/li>\n<li><a title=\"Journ\u00e9es de la culture\" href=\"http:\/\/www.josettevilleneuve.com\/?page_id=1461\">Journ\u00e9es de la Culture<\/a><\/li>\n<li><a title=\"Wabasso\" href=\"http:\/\/www.josettevilleneuve.com\/?page_id=1398\">Wabasso<\/a><\/li>\n<\/ol>\n<p><a title=\"Partir ou rester l\u00e0\" href=\"http:\/\/www.youtube.com\/watch?v=TtXameFdVbo&amp;feature=share\" target=\"_blank\">Cliquez ici pour voir la vid\u00e9o<\/a> tourn\u00e9e par Fontaine Leriche, produite par Culture Mauricie gr\u00e2ce au soutien de CR\u00c9 Mauricie et Forum Jeunesse Mauricie<\/p>\n<p>Publication par \u00c9milie Duchesne, d\u00e9p\u00f4t l\u00e9gal : 350414<\/p>\n<p>Les artistes ayant particip\u00e9 au projet :<\/p>\n<h3><span style=\"color: #993366;\">Cyndie Lemay<\/span><\/h3>\n<p><a href=\"http:\/\/www.josettevilleneuve.com\/wp-content\/uploads\/2012\/12\/Cyndie-Lemay1.jpg\" target=\"_blank\"> <img loading=\"lazy\" class=\"alignnone size-medium wp-image-2242\" title=\"Cyndie Lemay1\" src=\"http:\/\/www.josettevilleneuve.com\/wp-content\/uploads\/2012\/12\/Cyndie-Lemay1-200x300.jpg\" alt=\"\" width=\"200\" height=\"300\" srcset=\"https:\/\/www.josettevilleneuve.com\/wp-content\/uploads\/2012\/12\/Cyndie-Lemay1-200x300.jpg 200w, https:\/\/www.josettevilleneuve.com\/wp-content\/uploads\/2012\/12\/Cyndie-Lemay1.jpg 600w\" sizes=\"(max-width: 200px) 100vw, 200px\" \/> <\/a><a href=\"http:\/\/www.josettevilleneuve.com\/wp-content\/uploads\/2012\/12\/Cyndie-Lemay2.jpg\" target=\"_blank\"><img loading=\"lazy\" class=\"alignnone size-medium wp-image-2241\" title=\"Cyndie Lemay2\" src=\"http:\/\/www.josettevilleneuve.com\/wp-content\/uploads\/2012\/12\/Cyndie-Lemay2-200x300.jpg\" alt=\"\" width=\"200\" height=\"300\" srcset=\"https:\/\/www.josettevilleneuve.com\/wp-content\/uploads\/2012\/12\/Cyndie-Lemay2-200x300.jpg 200w, https:\/\/www.josettevilleneuve.com\/wp-content\/uploads\/2012\/12\/Cyndie-Lemay2.jpg 600w\" sizes=\"(max-width: 200px) 100vw, 200px\" \/><\/a><a href=\"http:\/\/www.josettevilleneuve.com\/wp-content\/uploads\/2012\/12\/Cyndie-Lemay1.jpg\">\u00a0 <\/a><a href=\"http:\/\/www.josettevilleneuve.com\/wp-content\/uploads\/2012\/12\/Cyndie-Lemay.jpg\" target=\"_blank\"><img loading=\"lazy\" class=\"alignnone size-medium wp-image-2243\" title=\"Cyndie Lemay\" src=\"http:\/\/www.josettevilleneuve.com\/wp-content\/uploads\/2012\/12\/Cyndie-Lemay-300x200.jpg\" alt=\"\" width=\"300\" height=\"200\" srcset=\"https:\/\/www.josettevilleneuve.com\/wp-content\/uploads\/2012\/12\/Cyndie-Lemay-300x200.jpg 300w, https:\/\/www.josettevilleneuve.com\/wp-content\/uploads\/2012\/12\/Cyndie-Lemay.jpg 900w\" sizes=\"(max-width: 300px) 100vw, 300px\" \/><\/a><\/p>\n<p>Cr\u00e9dit photographique \u00c9milie Duchesne.<\/p>\n<p style=\"text-align: center;\">********************<\/p>\n<h3 style=\"text-align: left;\"><span style=\"color: #993366;\">Karine Beaulieu<\/span><\/h3>\n<p><a href=\"http:\/\/www.josettevilleneuve.com\/wp-content\/uploads\/2012\/12\/Karine-Beaulieu.jpg\" target=\"_blank\"><img loading=\"lazy\" class=\"alignnone size-medium wp-image-2246\" title=\"Karine Beaulieu\" src=\"http:\/\/www.josettevilleneuve.com\/wp-content\/uploads\/2012\/12\/Karine-Beaulieu-300x200.jpg\" alt=\"\" width=\"300\" height=\"200\" srcset=\"https:\/\/www.josettevilleneuve.com\/wp-content\/uploads\/2012\/12\/Karine-Beaulieu-300x200.jpg 300w, https:\/\/www.josettevilleneuve.com\/wp-content\/uploads\/2012\/12\/Karine-Beaulieu.jpg 900w\" sizes=\"(max-width: 300px) 100vw, 300px\" \/><\/a><a href=\"http:\/\/www.josettevilleneuve.com\/wp-content\/uploads\/2012\/12\/Karine-Beaulieu1.jpg\" target=\"_blank\"> <img loading=\"lazy\" class=\"alignnone size-medium wp-image-2245\" title=\"Karine Beaulieu1\" src=\"http:\/\/www.josettevilleneuve.com\/wp-content\/uploads\/2012\/12\/Karine-Beaulieu1-300x200.jpg\" alt=\"\" width=\"300\" height=\"200\" srcset=\"https:\/\/www.josettevilleneuve.com\/wp-content\/uploads\/2012\/12\/Karine-Beaulieu1-300x200.jpg 300w, https:\/\/www.josettevilleneuve.com\/wp-content\/uploads\/2012\/12\/Karine-Beaulieu1.jpg 900w\" sizes=\"(max-width: 300px) 100vw, 300px\" \/><\/a><\/p>\n<p>Cr\u00e9dit photographique \u00c9milie Duchesne<\/p>\n<p style=\"text-align: center;\">********************<\/p>\n<h3><span style=\"color: #993366;\">\u00c9milie Duchesne<\/span><\/h3>\n<p><a href=\"http:\/\/www.josettevilleneuve.com\/wp-content\/uploads\/2012\/12\/ParcSt-Maurice.jpg\" target=\"_blank\">\u00a0<\/a><a href=\"http:\/\/www.josettevilleneuve.com\/wp-content\/uploads\/2012\/12\/ParcSt-Maurice.jpg\" target=\"_blank\">\u00a0 <img loading=\"lazy\" class=\"alignnone size-medium wp-image-2282\" title=\"ParcSt-Maurice\" src=\"http:\/\/www.josettevilleneuve.com\/wp-content\/uploads\/2012\/12\/ParcSt-Maurice-300x225.jpg\" alt=\"\" width=\"300\" height=\"225\" srcset=\"https:\/\/www.josettevilleneuve.com\/wp-content\/uploads\/2012\/12\/ParcSt-Maurice-300x225.jpg 300w, https:\/\/www.josettevilleneuve.com\/wp-content\/uploads\/2012\/12\/ParcSt-Maurice.jpg 900w\" sizes=\"(max-width: 300px) 100vw, 300px\" \/>\u00a0<\/a>\u00a0\u00a0\u00a0 <a href=\"http:\/\/www.josettevilleneuve.com\/wp-content\/uploads\/2012\/12\/madamEmile2.jpg\" target=\"_blank\"><img loading=\"lazy\" class=\"alignnone size-medium wp-image-2356\" title=\"madamEmile2\" src=\"http:\/\/www.josettevilleneuve.com\/wp-content\/uploads\/2012\/12\/madamEmile2-300x114.jpg\" alt=\"\" width=\"300\" height=\"114\" srcset=\"https:\/\/www.josettevilleneuve.com\/wp-content\/uploads\/2012\/12\/madamEmile2-300x114.jpg 300w, https:\/\/www.josettevilleneuve.com\/wp-content\/uploads\/2012\/12\/madamEmile2-1024x389.jpg 1024w, https:\/\/www.josettevilleneuve.com\/wp-content\/uploads\/2012\/12\/madamEmile2.jpg 1650w\" sizes=\"(max-width: 300px) 100vw, 300px\" \/><\/a><\/p>\n<p>Cr\u00e9dit photographique \u00a9Josette Villeneuve<\/p>\n<p style=\"text-align: center;\">********************<\/p>\n<h3>\u00a0<span style=\"color: #800080;\">Myriam Fauteux<\/span><\/h3>\n<p><a href=\"http:\/\/www.josettevilleneuve.com\/wp-content\/uploads\/2012\/12\/Myriam-Fauteux.jpg\" target=\"_blank\"><img loading=\"lazy\" class=\"alignnone size-medium wp-image-2251\" title=\"Myriam Fauteux\" src=\"http:\/\/www.josettevilleneuve.com\/wp-content\/uploads\/2012\/12\/Myriam-Fauteux-200x300.jpg\" alt=\"\" width=\"200\" height=\"300\" srcset=\"https:\/\/www.josettevilleneuve.com\/wp-content\/uploads\/2012\/12\/Myriam-Fauteux-200x300.jpg 200w, https:\/\/www.josettevilleneuve.com\/wp-content\/uploads\/2012\/12\/Myriam-Fauteux.jpg 600w\" sizes=\"(max-width: 200px) 100vw, 200px\" \/><\/a>\u00a0<a href=\"http:\/\/www.josettevilleneuve.com\/wp-content\/uploads\/2012\/12\/Myriam-Fauteux2.jpg\" target=\"_blank\"><img loading=\"lazy\" class=\"alignnone size-medium wp-image-2252\" title=\"Myriam Fauteux2\" src=\"http:\/\/www.josettevilleneuve.com\/wp-content\/uploads\/2012\/12\/Myriam-Fauteux2-200x300.jpg\" alt=\"\" width=\"200\" height=\"300\" srcset=\"https:\/\/www.josettevilleneuve.com\/wp-content\/uploads\/2012\/12\/Myriam-Fauteux2-200x300.jpg 200w, https:\/\/www.josettevilleneuve.com\/wp-content\/uploads\/2012\/12\/Myriam-Fauteux2.jpg 600w\" sizes=\"(max-width: 200px) 100vw, 200px\" \/><\/a>\u00a0<a href=\"http:\/\/www.josettevilleneuve.com\/wp-content\/uploads\/2012\/12\/Myriam-Fauteux3.jpg\" target=\"_blank\"><img loading=\"lazy\" class=\"alignnone size-medium wp-image-2253\" title=\"Myriam Fauteux3\" src=\"http:\/\/www.josettevilleneuve.com\/wp-content\/uploads\/2012\/12\/Myriam-Fauteux3-300x200.jpg\" alt=\"\" width=\"300\" height=\"200\" srcset=\"https:\/\/www.josettevilleneuve.com\/wp-content\/uploads\/2012\/12\/Myriam-Fauteux3-300x200.jpg 300w, https:\/\/www.josettevilleneuve.com\/wp-content\/uploads\/2012\/12\/Myriam-Fauteux3.jpg 900w\" sizes=\"(max-width: 300px) 100vw, 300px\" \/><\/a><\/p>\n<p>Cr\u00e9dit photographique \u00a9\u00c9milie Duchesne<\/p>\n<p style=\"text-align: center;\">********************<\/p>\n<h3><span style=\"color: #800080;\">Louise Paill\u00e9<\/span><\/h3>\n<p><a href=\"http:\/\/www.josettevilleneuve.com\/wp-content\/uploads\/2012\/12\/LPaille.jpg\" target=\"_blank\"><img loading=\"lazy\" class=\"alignnone size-medium wp-image-2285\" title=\"LPaille\" src=\"http:\/\/www.josettevilleneuve.com\/wp-content\/uploads\/2012\/12\/LPaille-200x300.jpg\" alt=\"\" width=\"200\" height=\"300\" srcset=\"https:\/\/www.josettevilleneuve.com\/wp-content\/uploads\/2012\/12\/LPaille-200x300.jpg 200w, https:\/\/www.josettevilleneuve.com\/wp-content\/uploads\/2012\/12\/LPaille.jpg 600w\" sizes=\"(max-width: 200px) 100vw, 200px\" \/><\/a> <a href=\"http:\/\/www.josettevilleneuve.com\/wp-content\/uploads\/2012\/12\/LPaille2.jpg\" target=\"_blank\"><img loading=\"lazy\" class=\"alignnone size-medium wp-image-2286\" title=\"LPaille2\" src=\"http:\/\/www.josettevilleneuve.com\/wp-content\/uploads\/2012\/12\/LPaille2-200x300.jpg\" alt=\"\" width=\"200\" height=\"300\" srcset=\"https:\/\/www.josettevilleneuve.com\/wp-content\/uploads\/2012\/12\/LPaille2-200x300.jpg 200w, https:\/\/www.josettevilleneuve.com\/wp-content\/uploads\/2012\/12\/LPaille2.jpg 600w\" sizes=\"(max-width: 200px) 100vw, 200px\" \/><\/a><a href=\"http:\/\/www.josettevilleneuve.com\/wp-content\/uploads\/2012\/12\/LPaille2-2.jpg\" target=\"_blank\"> <img loading=\"lazy\" class=\"alignnone size-medium wp-image-2288\" title=\"LPaille2 (2)\" src=\"http:\/\/www.josettevilleneuve.com\/wp-content\/uploads\/2012\/12\/LPaille2-2-200x300.jpg\" alt=\"\" width=\"200\" height=\"300\" srcset=\"https:\/\/www.josettevilleneuve.com\/wp-content\/uploads\/2012\/12\/LPaille2-2-200x300.jpg 200w, https:\/\/www.josettevilleneuve.com\/wp-content\/uploads\/2012\/12\/LPaille2-2.jpg 600w\" sizes=\"(max-width: 200px) 100vw, 200px\" \/><\/a><\/p>\n<p>Cr\u00e9dit photographique \u00a9\u00c9milie Duchesne<\/p>\n<p style=\"text-align: center;\">********************<\/p>\n<h3>\u00a0<span style=\"color: #800080;\">Josette Villeneuve<\/span><\/h3>\n<p><a href=\"http:\/\/www.josettevilleneuve.com\/wp-content\/uploads\/2012\/12\/Josette-Villeneuve.jpg\" target=\"_blank\"><img loading=\"lazy\" class=\"alignnone size-medium wp-image-2259\" title=\"Josette Villeneuve\" src=\"http:\/\/www.josettevilleneuve.com\/wp-content\/uploads\/2012\/12\/Josette-Villeneuve-200x300.jpg\" alt=\"\" width=\"200\" height=\"300\" srcset=\"https:\/\/www.josettevilleneuve.com\/wp-content\/uploads\/2012\/12\/Josette-Villeneuve-200x300.jpg 200w, https:\/\/www.josettevilleneuve.com\/wp-content\/uploads\/2012\/12\/Josette-Villeneuve.jpg 600w\" sizes=\"(max-width: 200px) 100vw, 200px\" \/><\/a> <a href=\"http:\/\/www.josettevilleneuve.com\/wp-content\/uploads\/2012\/12\/Josette-Villeneuve3.jpg\" target=\"_blank\"><img loading=\"lazy\" class=\"alignnone size-medium wp-image-2260\" title=\"Josette Villeneuve3\" src=\"http:\/\/www.josettevilleneuve.com\/wp-content\/uploads\/2012\/12\/Josette-Villeneuve3-300x300.jpg\" alt=\"\" width=\"300\" height=\"300\" srcset=\"https:\/\/www.josettevilleneuve.com\/wp-content\/uploads\/2012\/12\/Josette-Villeneuve3-300x300.jpg 300w, https:\/\/www.josettevilleneuve.com\/wp-content\/uploads\/2012\/12\/Josette-Villeneuve3-150x150.jpg 150w, https:\/\/www.josettevilleneuve.com\/wp-content\/uploads\/2012\/12\/Josette-Villeneuve3.jpg 600w\" sizes=\"(max-width: 300px) 100vw, 300px\" \/><\/a><\/p>\n<p>Cr\u00e9dit photographique \u00a9\u00c9milie Duchesne<\/p>\n<p style=\"text-align: center;\">********************<\/p>\n<p>\u00a0Le projet appuy\u00e9 par le Fonds de la Mauricie pour les arts et les lettres est amorc\u00e9 d\u00e9but mars 2012. Il met en perspective l\u2019affirmation de l\u2019identit\u00e9 shawiniganaise en regroupant six femmes artistes qui habitent cette ville. On choisit de r\u00e9cup\u00e9rer des draps, mati\u00e8re porteuse de valeur mauricienne, qui serviront de support sur lesquels cinq des six artistes devront \u00e9laborer un corpus d\u2019\u0153uvres de grand format inspir\u00e9 de la th\u00e9matique <em>Partir ou rester l\u00e0.<\/em> \u00c9milie Duchesne, quant \u00e0 elle, signe une publication qui regroupe ses photographies, sorte d\u2019archivage du projet selon le regard qu\u2019elle pose sur les rencontres et actions du groupe.<\/p>\n<p>Deux installations \u00ab\u00a0essai\u00a0\u00bb ont lieu le <strong>12 juin <\/strong>et le <strong>10 juillet<\/strong>, toujours pr\u00e9c\u00e9d\u00e9es de rencontres du groupe. Les r\u00e9sidents de la ruelle du centre ville ont \u00e9t\u00e9 contact\u00e9s, on installe quelques draps sur les cordes \u00e0 linge puis \u00e0 une autre occasion au Parc St-Maurice. Le r\u00e9sultat est vibrant, festif.<\/p>\n<p>Fin<strong> juillet<\/strong> pendant les\u00a0<a title=\"Jeux du Qu\u00e9bec\" href=\"http:\/\/www.josettevilleneuve.com\/?page_id=1792\">Jeux du Qu\u00e9bec<\/a> on profite du lieu de regroupement des jeunes athl\u00e8tes, la<em> Place des Jeux<\/em> (Parc Augustin-Lambert) et on suspend les draps sur les cordes \u00e0 linge\u2026\u00a0 l\u2019ensemble attire et provoque une participation nombreuse et spontan\u00e9e aux griffonnages.<\/p>\n<p>Puis, en <strong>septembre<\/strong> lors des <em><a title=\"Journ\u00e9es de la culture\" href=\"http:\/\/www.josettevilleneuve.com\/?page_id=1461\">Journ\u00e9es de la Culture<\/a><\/em>, on transpose l\u2019ensemble des \u0153uvres dans une ruelle, \u00e0 m\u00eame l\u2019urbanit\u00e9 du centre ville et on invite le public \u00e0 venir <em>Place du March\u00e9<\/em> pour griffonner, dessiner, crayonner sur des taies d\u2019oreiller \u00e0 suspendre sur les cordes \u00e0 linge pr\u00eat\u00e9es par les r\u00e9sidents du quartier\u2026 La ruelle devrait aussi vibrer de tous ces motifs color\u00e9s, bigarr\u00e9s install\u00e9s sur les cordes \u00e0 linge&#8230; Mais le temps est plut\u00f4t \u00e0 s\u00e9cher par culbutage : crachin, bruine incessante de 2 jours.<\/p>\n<p>En <strong>octobre<\/strong> survient la r\u00e9ouverture de l\u2019ancienne usine\u00a0<em><a title=\"Wabasso\" href=\"http:\/\/www.josettevilleneuve.com\/?page_id=1398\">Wabasso<\/a> (Shawinigan Cotton Company Limited), <\/em>rappel de la grande p\u00e9riode de prosp\u00e9rit\u00e9 industrielle de Shawinigan, encore sign\u00e9e par la pr\u00e9sence de ce monumental b\u00e2timent qui a vu des g\u00e9n\u00e9rations de femmes faire vrombir, des vies durant, les machines \u00e0 coudre de cette compagnie.<\/p>\n<p>Cette troisi\u00e8me installation occupe de fa\u00e7on imposante l\u2019espace industriel mis \u00e0 nu. Elle provoque une r\u00e9appropriation du lieu par des femmes, mani\u00e8re de boucler la boucle en y ramenant les draps ouvrag\u00e9s de ces artistes.<\/p>\n<p>&nbsp;<\/p>\n","protected":false},"excerpt":{"rendered":"<p>Projet collectif \u00e0 3 volets : Jeux du Qu\u00e9bec Journ\u00e9es de la Culture Wabasso Cliquez ici pour voir la vid\u00e9o tourn\u00e9e par Fontaine Leriche, produite par Culture Mauricie gr\u00e2ce au soutien de CR\u00c9 Mauricie et Forum Jeunesse Mauricie Publication par \u00c9milie Duchesne, d\u00e9p\u00f4t l\u00e9gal : 350414 Les artistes ayant particip\u00e9 au projet : Cyndie Lemay<a class=\"rmore\" href=\"https:\/\/www.josettevilleneuve.com\/?page_id=1807\">&nbsp;&nbsp; Read More &#8230;<\/a><\/p>\n","protected":false},"author":1,"featured_media":0,"parent":109,"menu_order":0,"comment_status":"open","ping_status":"open","template":"","meta":[],"_links":{"self":[{"href":"https:\/\/www.josettevilleneuve.com\/index.php?rest_route=\/wp\/v2\/pages\/1807"}],"collection":[{"href":"https:\/\/www.josettevilleneuve.com\/index.php?rest_route=\/wp\/v2\/pages"}],"about":[{"href":"https:\/\/www.josettevilleneuve.com\/index.php?rest_route=\/wp\/v2\/types\/page"}],"author":[{"embeddable":true,"href":"https:\/\/www.josettevilleneuve.com\/index.php?rest_route=\/wp\/v2\/users\/1"}],"replies":[{"embeddable":true,"href":"https:\/\/www.josettevilleneuve.com\/index.php?rest_route=%2Fwp%2Fv2%2Fcomments&post=1807"}],"version-history":[{"count":30,"href":"https:\/\/www.josettevilleneuve.com\/index.php?rest_route=\/wp\/v2\/pages\/1807\/revisions"}],"predecessor-version":[{"id":1811,"href":"https:\/\/www.josettevilleneuve.com\/index.php?rest_route=\/wp\/v2\/pages\/1807\/revisions\/1811"}],"up":[{"embeddable":true,"href":"https:\/\/www.josettevilleneuve.com\/index.php?rest_route=\/wp\/v2\/pages\/109"}],"wp:attachment":[{"href":"https:\/\/www.josettevilleneuve.com\/index.php?rest_route=%2Fwp%2Fv2%2Fmedia&parent=1807"}],"curies":[{"name":"wp","href":"https:\/\/api.w.org\/{rel}","templated":true}]}}