{"id":3303,"date":"2014-07-16T08:49:36","date_gmt":"2014-07-16T12:49:36","guid":{"rendered":"http:\/\/www.josettevilleneuve.com\/?page_id=3303"},"modified":"2020-11-28T13:59:18","modified_gmt":"2020-11-28T18:59:18","slug":"bnsc-2014","status":"publish","type":"page","link":"https:\/\/www.josettevilleneuve.com\/?page_id=3303","title":{"rendered":"\u00c9v\u00e9nement satellite de la Biennale nationale de sculpture contemporaine"},"content":{"rendered":"<div>\n<div>\n<div>Josette Villeneuve \/\/ On verra bien<\/div>\n<div>\u00c9t\u00e9 2014<\/div>\n<div>\nInstallation dans la vitrine de La Boite \u00e0 Coupe.<br \/>\n<a href=\"https:\/\/www.facebook.com\/sculpturecontemporaine?fref=ts\" target=\"_blank\" rel=\"noopener\">B.N.S.C. 2014<\/a>Cr\u00e9dit photo : Josette Villeneuve \u2014 \u00e0 <a href=\"https:\/\/www.facebook.com\/pages\/La-Boite-%C3%A0-Coupe\/116045145080864?ref=stream\" data-ft=\"{&quot;tn&quot;:&quot;P&quot;}\" data-hovercard=\"\/ajax\/hovercard\/page.php?id=116045145080864&amp;extragetparams=%7B%22directed_target_id%22%3Anull%7D\">La Boite \u00e0 Coupe<\/a> 1380 Notre-Dame Centre, Trois-Rivi\u00e8res<\/div>\n<div>Jusqu&rsquo;au 31 ao\u00fbt<\/div>\n<div><a href=\"http:\/\/www.josettevilleneuve.com\/wp-content\/uploads\/2014\/07\/Image-1.jpg\"><img loading=\"lazy\" class=\"wp-image-4891 alignleft\" title=\"Image-1\" src=\"http:\/\/www.josettevilleneuve.com\/wp-content\/uploads\/2014\/07\/Image-1.jpg\" alt=\"\" width=\"646\" height=\"484\" srcset=\"https:\/\/www.josettevilleneuve.com\/wp-content\/uploads\/2014\/07\/Image-1.jpg 2048w, https:\/\/www.josettevilleneuve.com\/wp-content\/uploads\/2014\/07\/Image-1-300x225.jpg 300w, https:\/\/www.josettevilleneuve.com\/wp-content\/uploads\/2014\/07\/Image-1-1024x768.jpg 1024w, https:\/\/www.josettevilleneuve.com\/wp-content\/uploads\/2014\/07\/Image-1-900x675.jpg 900w\" sizes=\"(max-width: 646px) 100vw, 646px\" \/><\/a><\/div>\n<\/div>\n<\/div>\n<p><a href=\"http:\/\/www.josettevilleneuve.com\/wp-content\/uploads\/2012\/11\/VITRINE1.jpg\"><img loading=\"lazy\" class=\"alignnone  wp-image-3297\" title=\"On verra bien\" src=\"http:\/\/www.josettevilleneuve.com\/wp-content\/uploads\/2012\/11\/VITRINE1.jpg\" alt=\"\" width=\"622\" height=\"423\" srcset=\"https:\/\/www.josettevilleneuve.com\/wp-content\/uploads\/2012\/11\/VITRINE1.jpg 1440w, https:\/\/www.josettevilleneuve.com\/wp-content\/uploads\/2012\/11\/VITRINE1-300x204.jpg 300w, https:\/\/www.josettevilleneuve.com\/wp-content\/uploads\/2012\/11\/VITRINE1-1024x697.jpg 1024w\" sizes=\"(max-width: 622px) 100vw, 622px\" \/><\/a><\/p>\n<p>Chantier en marche sur plateforme sensible&#8230; Megabloks<\/p>\n","protected":false},"excerpt":{"rendered":"<p>Josette Villeneuve \/\/ On verra bien \u00c9t\u00e9 2014 Installation dans la vitrine de La Boite \u00e0 Coupe. B.N.S.C. 2014Cr\u00e9dit photo : Josette Villeneuve \u2014 \u00e0 La Boite \u00e0 Coupe 1380 Notre-Dame Centre, Trois-Rivi\u00e8res Jusqu&rsquo;au 31 ao\u00fbt Chantier en marche sur plateforme sensible&#8230; Megabloks<\/p>\n","protected":false},"author":1,"featured_media":0,"parent":0,"menu_order":0,"comment_status":"open","ping_status":"open","template":"","meta":[],"_links":{"self":[{"href":"https:\/\/www.josettevilleneuve.com\/index.php?rest_route=\/wp\/v2\/pages\/3303"}],"collection":[{"href":"https:\/\/www.josettevilleneuve.com\/index.php?rest_route=\/wp\/v2\/pages"}],"about":[{"href":"https:\/\/www.josettevilleneuve.com\/index.php?rest_route=\/wp\/v2\/types\/page"}],"author":[{"embeddable":true,"href":"https:\/\/www.josettevilleneuve.com\/index.php?rest_route=\/wp\/v2\/users\/1"}],"replies":[{"embeddable":true,"href":"https:\/\/www.josettevilleneuve.com\/index.php?rest_route=%2Fwp%2Fv2%2Fcomments&post=3303"}],"version-history":[{"count":7,"href":"https:\/\/www.josettevilleneuve.com\/index.php?rest_route=\/wp\/v2\/pages\/3303\/revisions"}],"predecessor-version":[{"id":6054,"href":"https:\/\/www.josettevilleneuve.com\/index.php?rest_route=\/wp\/v2\/pages\/3303\/revisions\/6054"}],"wp:attachment":[{"href":"https:\/\/www.josettevilleneuve.com\/index.php?rest_route=%2Fwp%2Fv2%2Fmedia&parent=3303"}],"curies":[{"name":"wp","href":"https:\/\/api.w.org\/{rel}","templated":true}]}}