{"id":3383,"date":"2015-02-24T14:19:30","date_gmt":"2015-02-24T18:19:30","guid":{"rendered":"http:\/\/www.josettevilleneuve.com\/?page_id=3383"},"modified":"2021-05-30T09:28:25","modified_gmt":"2021-05-30T13:28:25","slug":"2013-blocks","status":"publish","type":"page","link":"https:\/\/www.josettevilleneuve.com\/?page_id=3383","title":{"rendered":"2013"},"content":{"rendered":"<h3>Niche, cabane, maison, logis, corneilles sur un arbre perch\u00e9es.<\/h3>\n<p>Du 28 mai au 7 juin 2013 \/ Commissaire : Jos\u00e9-Luis Torr\u00e8s<\/p>\n<p><img loading=\"lazy\" title=\"pommier\" src=\"http:\/\/www.josettevilleneuve.com\/wp-content\/uploads\/2013\/05\/pommier-300x225.jpg\" alt=\"\" width=\"302\" height=\"225\" \/> <img loading=\"lazy\" title=\"maison, cabane,\" src=\"http:\/\/www.josettevilleneuve.com\/wp-content\/uploads\/2013\/05\/maison-cabane-300x179.jpg\" alt=\"\" width=\"302\" height=\"180\" \/>\u00a0<img loading=\"lazy\" title=\"Les corneilles haut perch\u00e9es\" src=\"http:\/\/www.josettevilleneuve.com\/wp-content\/uploads\/2013\/05\/292302_641971822486581_1723354057_n1-225x300.jpg\" alt=\"\" width=\"205\" height=\"273\" \/><\/p>\n\n\t\t<style type=\"text\/css\">\n\t\t\t#gallery-1 {\n\t\t\t\tmargin: auto;\n\t\t\t}\n\t\t\t#gallery-1 .gallery-item {\n\t\t\t\tfloat: left;\n\t\t\t\tmargin-top: 10px;\n\t\t\t\ttext-align: center;\n\t\t\t\twidth: 25%;\n\t\t\t}\n\t\t\t#gallery-1 img {\n\t\t\t\tborder: 2px solid #cfcfcf;\n\t\t\t}\n\t\t\t#gallery-1 .gallery-caption {\n\t\t\t\tmargin-left: 0;\n\t\t\t}\n\t\t\t\/* see gallery_shortcode() in wp-includes\/media.php *\/\n\t\t<\/style>\n\t\t<div id='gallery-1' class='gallery galleryid-3383 gallery-columns-4 gallery-size-thumbnail'><dl class='gallery-item'>\n\t\t\t<dt class='gallery-icon landscape'>\n\t\t\t\t<a href='https:\/\/www.josettevilleneuve.com\/wp-content\/uploads\/2015\/02\/chien-niche.jpg'><img width=\"150\" height=\"150\" src=\"https:\/\/www.josettevilleneuve.com\/wp-content\/uploads\/2015\/02\/chien-niche-150x150.jpg\" class=\"attachment-thumbnail size-thumbnail\" alt=\"Niche, maison, cabane, logis..., d\u00e9tail \/ Passage, Montmagny \/ megabloks, bois, 2013\" loading=\"lazy\" srcset=\"https:\/\/www.josettevilleneuve.com\/wp-content\/uploads\/2015\/02\/chien-niche-150x150.jpg 150w, https:\/\/www.josettevilleneuve.com\/wp-content\/uploads\/2015\/02\/chien-niche-144x144.jpg 144w\" sizes=\"(max-width: 150px) 100vw, 150px\" \/><\/a>\n\t\t\t<\/dt><\/dl><dl class='gallery-item'>\n\t\t\t<dt class='gallery-icon landscape'>\n\t\t\t\t<a href='https:\/\/www.josettevilleneuve.com\/wp-content\/uploads\/2015\/02\/988631_641971692486594_707810138_n.jpg'><img width=\"150\" height=\"150\" src=\"https:\/\/www.josettevilleneuve.com\/wp-content\/uploads\/2015\/02\/988631_641971692486594_707810138_n-150x150.jpg\" class=\"attachment-thumbnail size-thumbnail\" alt=\"Niche, maison, cabane, logis... \/ Passage, Montmagny \/ megabloks, bois, 2013\" loading=\"lazy\" srcset=\"https:\/\/www.josettevilleneuve.com\/wp-content\/uploads\/2015\/02\/988631_641971692486594_707810138_n-150x150.jpg 150w, https:\/\/www.josettevilleneuve.com\/wp-content\/uploads\/2015\/02\/988631_641971692486594_707810138_n-144x144.jpg 144w\" sizes=\"(max-width: 150px) 100vw, 150px\" \/><\/a>\n\t\t\t<\/dt><\/dl><dl class='gallery-item'>\n\t\t\t<dt class='gallery-icon portrait'>\n\t\t\t\t<a href='https:\/\/www.josettevilleneuve.com\/wp-content\/uploads\/2015\/02\/Niche-maison-cabane.jpg'><img width=\"150\" height=\"150\" src=\"https:\/\/www.josettevilleneuve.com\/wp-content\/uploads\/2015\/02\/Niche-maison-cabane-150x150.jpg\" class=\"attachment-thumbnail size-thumbnail\" alt=\"Niche, maison, cabane, logis... \/ Passage, Montmagny \/ megabloks, bois, 2013\" loading=\"lazy\" srcset=\"https:\/\/www.josettevilleneuve.com\/wp-content\/uploads\/2015\/02\/Niche-maison-cabane-150x150.jpg 150w, https:\/\/www.josettevilleneuve.com\/wp-content\/uploads\/2015\/02\/Niche-maison-cabane-144x144.jpg 144w\" sizes=\"(max-width: 150px) 100vw, 150px\" \/><\/a>\n\t\t\t<\/dt><\/dl><dl class='gallery-item'>\n\t\t\t<dt class='gallery-icon landscape'>\n\t\t\t\t<a href='https:\/\/www.josettevilleneuve.com\/wp-content\/uploads\/2015\/02\/03montmagny.jpg'><img width=\"150\" height=\"150\" src=\"https:\/\/www.josettevilleneuve.com\/wp-content\/uploads\/2015\/02\/03montmagny-150x150.jpg\" class=\"attachment-thumbnail size-thumbnail\" alt=\"Niche, maison, cabane, logis... \/ Passage, Montmagny \/ megabloks, bois, 2013\" loading=\"lazy\" srcset=\"https:\/\/www.josettevilleneuve.com\/wp-content\/uploads\/2015\/02\/03montmagny-150x150.jpg 150w, https:\/\/www.josettevilleneuve.com\/wp-content\/uploads\/2015\/02\/03montmagny-144x144.jpg 144w\" sizes=\"(max-width: 150px) 100vw, 150px\" \/><\/a>\n\t\t\t<\/dt><\/dl><br style=\"clear: both\" \/><dl class='gallery-item'>\n\t\t\t<dt class='gallery-icon portrait'>\n\t\t\t\t<a href='https:\/\/www.josettevilleneuve.com\/wp-content\/uploads\/2015\/02\/05montmagny.jpg'><img width=\"150\" height=\"150\" src=\"https:\/\/www.josettevilleneuve.com\/wp-content\/uploads\/2015\/02\/05montmagny-150x150.jpg\" class=\"attachment-thumbnail size-thumbnail\" alt=\"Niche, maison, cabane, logis... \/ Passage, Montmagny \/ megabloks, bois, 2013\" loading=\"lazy\" srcset=\"https:\/\/www.josettevilleneuve.com\/wp-content\/uploads\/2015\/02\/05montmagny-150x150.jpg 150w, https:\/\/www.josettevilleneuve.com\/wp-content\/uploads\/2015\/02\/05montmagny-144x144.jpg 144w\" sizes=\"(max-width: 150px) 100vw, 150px\" \/><\/a>\n\t\t\t<\/dt><\/dl><dl class='gallery-item'>\n\t\t\t<dt class='gallery-icon portrait'>\n\t\t\t\t<a href='https:\/\/www.josettevilleneuve.com\/wp-content\/uploads\/2015\/02\/Outils-pluie-boue.jpg'><img width=\"150\" height=\"150\" src=\"https:\/\/www.josettevilleneuve.com\/wp-content\/uploads\/2015\/02\/Outils-pluie-boue-150x150.jpg\" class=\"attachment-thumbnail size-thumbnail\" alt=\"Niche, maison, cabane, logis... \/ Passage, Montmagny \/ megabloks, bois, 2013\" loading=\"lazy\" srcset=\"https:\/\/www.josettevilleneuve.com\/wp-content\/uploads\/2015\/02\/Outils-pluie-boue-150x150.jpg 150w, https:\/\/www.josettevilleneuve.com\/wp-content\/uploads\/2015\/02\/Outils-pluie-boue-144x144.jpg 144w\" sizes=\"(max-width: 150px) 100vw, 150px\" \/><\/a>\n\t\t\t<\/dt><\/dl>\n\t\t\t<br style='clear: both' \/>\n\t\t<\/div>\n\n<p>Josette Villeneuve, 2013. M\u00e9ga bloks, bois, m\u00e9tal, corneilles. 160 cm x 140 cm (larg. x h)<\/p>\n<h4><span style=\"font-size: 1.17em;\">Niche, cabane, maison, logis, corneilles sur un arbre perch\u00e9es.<\/span><\/h4>\n<p>En place jusqu&rsquo;\u00e0 la fin ao\u00fbt, \u00e0 Montmagny pr\u00e8s du Manoir Couillard-Dupuis.<br \/>\n<a href=\"https:\/\/www.ville.montmagny.qc.ca\/fr\/actualites\/2013\/05\/28\/des-uvres-qui-seduisent-les-enfants\/\">Passage Montmagny reportage<\/a><br \/>\nLes objets de tous les jours pullulent au c\u0153ur de mes projets. J\u2019aime les sortir de leur ordinaire pour les inscrire dans un autre contexte, leur donner un lieu impr\u00e9visible, un r\u00f4le diff\u00e9rent. Accumul\u00e9, multipli\u00e9, superpos\u00e9, embo\u00eet\u00e9, le m\u00e9ga-bloc m\u2019est apparu \u00e9trangement attirant \u00e0 transposer dans ce majestueux paysage o\u00f9 le plastique tient habituellement le r\u00f4le de mati\u00e8re ind\u00e9sirable.<\/p>\n<p>L\u2019installation Niche, cabane, maison, logis, corneilles sur un arbre perch\u00e9es confronte deux valeurs, deux mati\u00e8res : l\u2019une noble, harmonieuse, forte, source de la richesse du patrimoine b\u00e2ti : l\u2019arbre, le bois. L\u2019autre, synth\u00e9tique aux couleurs criardes et kitsch, objet plastique composite non biod\u00e9gradable qui vieillit mal : le m\u00e9ga-bloc. J\u2019en construis une maison : cabane-plastique, logis en pi\u00e8ces sur pi\u00e8ces, niche-mobile, maison-pixel. Ma maison entoure un arbre, le prot\u00e8ge, l\u2019isole, inverse les r\u00f4les. En plus de cette confrontation du noble et du kitsch, du lieu intime et de l\u2019espace public, chaque pan de maison pr\u00e9sente une organisation de pixels \u00e9tincelants qui compose un tableau. Cette \u0153uvre bidimensionnelle \u00e0 quatre faces perc\u00e9e de petits trous-fen\u00eatres rev\u00eat le statut de tableau constructiviste. L\u2019installation situ\u00e9e en bordure de la rivi\u00e8re du Sud et du fleuve St-Laurent, \u00e0 proximit\u00e9 du Manoir Couillard-Dupuis, attire d\u2019abord par ses couleurs p\u00e9tantes, sans harmonie avec la nature. Puis entre en sc\u00e8ne les corneilles haut perch\u00e9es, les animaux cach\u00e9s, les passants qui s\u2019arr\u00eatent et commentent.<\/p>\n<p>Et l\u00e0, son caract\u00e8re ludique et po\u00e9tique survient, l\u2019histoire commence ici. Au final, la vue de paquebots, de ces \u00ab china container ships \u00bb, qui d\u00e9filent lentement en arri\u00e8re plan du paysage a confort\u00e9, confirm\u00e9 la justesse du choix de ce mat\u00e9riau pour l\u2019\u00e9laboration de ce projet : similitude d\u2019entassement des contenants et des couleurs bigarr\u00e9es\u2026<\/p>\n","protected":false},"excerpt":{"rendered":"<p>Niche, cabane, maison, logis, corneilles sur un arbre perch\u00e9es. Du 28 mai au 7 juin 2013 \/ Commissaire : Jos\u00e9-Luis Torr\u00e8s \u00a0 Josette Villeneuve, 2013. M\u00e9ga bloks, bois, m\u00e9tal, corneilles. 160 cm x 140 cm (larg. x h) Niche, cabane, maison, logis, corneilles sur un arbre perch\u00e9es. En place jusqu&rsquo;\u00e0 la fin ao\u00fbt, \u00e0 Montmagny<a class=\"rmore\" href=\"https:\/\/www.josettevilleneuve.com\/?page_id=3383\">&nbsp;&nbsp; Read More &#8230;<\/a><\/p>\n","protected":false},"author":1,"featured_media":0,"parent":0,"menu_order":0,"comment_status":"open","ping_status":"open","template":"","meta":[],"_links":{"self":[{"href":"https:\/\/www.josettevilleneuve.com\/index.php?rest_route=\/wp\/v2\/pages\/3383"}],"collection":[{"href":"https:\/\/www.josettevilleneuve.com\/index.php?rest_route=\/wp\/v2\/pages"}],"about":[{"href":"https:\/\/www.josettevilleneuve.com\/index.php?rest_route=\/wp\/v2\/types\/page"}],"author":[{"embeddable":true,"href":"https:\/\/www.josettevilleneuve.com\/index.php?rest_route=\/wp\/v2\/users\/1"}],"replies":[{"embeddable":true,"href":"https:\/\/www.josettevilleneuve.com\/index.php?rest_route=%2Fwp%2Fv2%2Fcomments&post=3383"}],"version-history":[{"count":16,"href":"https:\/\/www.josettevilleneuve.com\/index.php?rest_route=\/wp\/v2\/pages\/3383\/revisions"}],"predecessor-version":[{"id":6509,"href":"https:\/\/www.josettevilleneuve.com\/index.php?rest_route=\/wp\/v2\/pages\/3383\/revisions\/6509"}],"wp:attachment":[{"href":"https:\/\/www.josettevilleneuve.com\/index.php?rest_route=%2Fwp%2Fv2%2Fmedia&parent=3383"}],"curies":[{"name":"wp","href":"https:\/\/api.w.org\/{rel}","templated":true}]}}