{"id":56,"date":"2008-07-17T14:13:32","date_gmt":"2008-07-17T18:13:32","guid":{"rendered":"http:\/\/www.josettevilleneuve.com\/?page_id=56"},"modified":"2012-08-16T08:55:28","modified_gmt":"2012-08-16T12:55:28","slug":"le-crieur-silencieux","status":"publish","type":"page","link":"https:\/\/www.josettevilleneuve.com\/?page_id=56","title":{"rendered":"Le Crieur silencieux\/BIEC07"},"content":{"rendered":"<div><a href=\"http:\/\/www.josettevilleneuve.com\/wp-content\/uploads\/2008\/07\/banniare-josette.jpg\"><img loading=\"lazy\" class=\"alignnone size-medium wp-image-57\" title=\"banni\u00e8re Josette \u00e9t\u00e9 07\" src=\"http:\/\/www.josettevilleneuve.com\/wp-content\/uploads\/2008\/07\/banniare-josette-300x200.jpg\" alt=\"s\u00e9rigraphie et couture sur toile\" width=\"300\" height=\"200\" srcset=\"https:\/\/www.josettevilleneuve.com\/wp-content\/uploads\/2008\/07\/banniare-josette-300x200.jpg 300w, https:\/\/www.josettevilleneuve.com\/wp-content\/uploads\/2008\/07\/banniare-josette.jpg 1154w\" sizes=\"(max-width: 300px) 100vw, 300px\" \/><\/a><\/div>\n<div>Un projet initi\u00e9 et rendu possible gr\u00e2ce \u00e0 l&rsquo;Atelier Pressse Papier et \u00e0 la Biennale internationale d&rsquo;estampe contemporaine de Trois-Rivi\u00e8res 2007 (BIEC 07). Vingt-et-une banni\u00e8res ont envahi la place publique, sur les rues Bonaventure et Des Ursulines. L&rsquo;affichage et le pavoisement sont des formes d&rsquo;informations utiles dans notre soci\u00e9t\u00e9. Le pavoisement, tout particuli\u00e8rement, est une forme subtile d&rsquo;information, il rappelle, par des couleurs, un simple sigle, la pr\u00e9sence ou la tenue d&rsquo;un \u00e9v\u00e9nement dans l&rsquo;espace public. Les banni\u00e8res qui sont propos\u00e9es sont autant de crieurs publics qui livrent les mots et les pens\u00e9es des artistes. Ils les livrent de fa\u00e7on simple et directe, subtile ou po\u00e9tique, selon la personnalit\u00e9 du crieur, mais aussi de celle ou celui qui sait \u00e9couter. Ouvrez l&rsquo;oeil, tendez l&rsquo;oreille&#8230; D\u00e9couvrez les mots, les non-dits, sachez lire entre les lignes !<\/div>\n<blockquote>\n<div>Les artistes participants sont:<\/div>\n<div>Wayne Crothers (Australie) Grand Prix de la Biennale<\/div>\n<div>Marcin Bialas (Pologne) Prix Invitation Presse Papier de la Biennale<\/div>\n<div>Nina Logan, Lise Drolet, Aline Beaudoin, Guillaume Massicotte, Fr\u00e9d\u00e9rique Guichard, Marie-Jeanne Decoste, Isabelle Clermont, \u00c9lisabeth Mathieu, Isabelle Ayotte, Pascal Blanchet, Josette Villeneuve, Genevi\u00e8ve Baril, Sophie Guillemette, Louise Boisvert, Myl\u00e8ne Gervais, Guy Langevin, Jo Ann Lanneville, Samuel Derson, Alejandra Basanes.<\/div>\n<div>Source: Biennale d&rsquo;estampe 819.370.1117<\/div>\n<div>Atelier Presse Papier 819.373.1980<\/div>\n<\/blockquote>\n","protected":false},"excerpt":{"rendered":"<p>Un projet initi\u00e9 et rendu possible gr\u00e2ce \u00e0 l&rsquo;Atelier Pressse Papier et \u00e0 la Biennale internationale d&rsquo;estampe contemporaine de Trois-Rivi\u00e8res 2007 (BIEC 07). Vingt-et-une banni\u00e8res ont envahi la place publique, sur les rues Bonaventure et Des Ursulines. L&rsquo;affichage et le pavoisement sont des formes d&rsquo;informations utiles dans notre soci\u00e9t\u00e9. Le pavoisement, tout particuli\u00e8rement, est une<a class=\"rmore\" href=\"https:\/\/www.josettevilleneuve.com\/?page_id=56\">&nbsp;&nbsp; Read More &#8230;<\/a><\/p>\n","protected":false},"author":1,"featured_media":0,"parent":109,"menu_order":66,"comment_status":"open","ping_status":"open","template":"","meta":[],"_links":{"self":[{"href":"https:\/\/www.josettevilleneuve.com\/index.php?rest_route=\/wp\/v2\/pages\/56"}],"collection":[{"href":"https:\/\/www.josettevilleneuve.com\/index.php?rest_route=\/wp\/v2\/pages"}],"about":[{"href":"https:\/\/www.josettevilleneuve.com\/index.php?rest_route=\/wp\/v2\/types\/page"}],"author":[{"embeddable":true,"href":"https:\/\/www.josettevilleneuve.com\/index.php?rest_route=\/wp\/v2\/users\/1"}],"replies":[{"embeddable":true,"href":"https:\/\/www.josettevilleneuve.com\/index.php?rest_route=%2Fwp%2Fv2%2Fcomments&post=56"}],"version-history":[{"count":8,"href":"https:\/\/www.josettevilleneuve.com\/index.php?rest_route=\/wp\/v2\/pages\/56\/revisions"}],"predecessor-version":[{"id":1344,"href":"https:\/\/www.josettevilleneuve.com\/index.php?rest_route=\/wp\/v2\/pages\/56\/revisions\/1344"}],"up":[{"embeddable":true,"href":"https:\/\/www.josettevilleneuve.com\/index.php?rest_route=\/wp\/v2\/pages\/109"}],"wp:attachment":[{"href":"https:\/\/www.josettevilleneuve.com\/index.php?rest_route=%2Fwp%2Fv2%2Fmedia&parent=56"}],"curies":[{"name":"wp","href":"https:\/\/api.w.org\/{rel}","templated":true}]}}