{"id":5840,"date":"2020-11-03T09:10:46","date_gmt":"2020-11-03T14:10:46","guid":{"rendered":"http:\/\/www.josettevilleneuve.com\/?page_id=5840"},"modified":"2020-11-30T09:34:20","modified_gmt":"2020-11-30T14:34:20","slug":"sur-le-motif-2","status":"publish","type":"page","link":"https:\/\/www.josettevilleneuve.com\/?page_id=5840","title":{"rendered":"Sur le motif"},"content":{"rendered":"\n<p>Installation de Josette Villeneuve, \u00e9v\u00e9nement Interzone 2019<\/p>\n\n\n\n<figure class=\"wp-block-image\"><img loading=\"lazy\" width=\"1024\" height=\"645\" src=\"http:\/\/www.josettevilleneuve.com\/wp-content\/uploads\/2020\/11\/Sans-titre-1-1024x645.jpg\" alt=\"\" class=\"wp-image-5846\" srcset=\"https:\/\/www.josettevilleneuve.com\/wp-content\/uploads\/2020\/11\/Sans-titre-1-1024x645.jpg 1024w, https:\/\/www.josettevilleneuve.com\/wp-content\/uploads\/2020\/11\/Sans-titre-1-300x189.jpg 300w, https:\/\/www.josettevilleneuve.com\/wp-content\/uploads\/2020\/11\/Sans-titre-1-768x484.jpg 768w, https:\/\/www.josettevilleneuve.com\/wp-content\/uploads\/2020\/11\/Sans-titre-1.jpg 1625w\" sizes=\"(max-width: 1024px) 100vw, 1024px\" \/><figcaption>Dans le cadre d&rsquo;Interzone 2019 \/ ruelle centre-ville de Shawinigan<\/figcaption><\/figure>\n\n\n\n<ul class=\"wp-block-gallery columns-1 is-cropped\"><li class=\"blocks-gallery-item\"><figure><img loading=\"lazy\" width=\"1024\" height=\"220\" src=\"http:\/\/www.josettevilleneuve.com\/wp-content\/uploads\/2020\/11\/20190903_111422-1024x220.jpg\" alt=\"\" data-id=\"5850\" data-link=\"http:\/\/www.josettevilleneuve.com\/?attachment_id=5850\" class=\"wp-image-5850\" srcset=\"https:\/\/www.josettevilleneuve.com\/wp-content\/uploads\/2020\/11\/20190903_111422-1024x220.jpg 1024w, https:\/\/www.josettevilleneuve.com\/wp-content\/uploads\/2020\/11\/20190903_111422-300x65.jpg 300w, https:\/\/www.josettevilleneuve.com\/wp-content\/uploads\/2020\/11\/20190903_111422-768x165.jpg 768w\" sizes=\"(max-width: 1024px) 100vw, 1024px\" \/><\/figure><\/li><\/ul>\n\n\n\n<ul class=\"wp-block-gallery columns-3 is-cropped\"><li class=\"blocks-gallery-item\"><figure><img loading=\"lazy\" width=\"1024\" height=\"768\" src=\"http:\/\/www.josettevilleneuve.com\/wp-content\/uploads\/2020\/11\/02.GC_-1024x768.jpg\" alt=\"\" data-id=\"5853\" data-link=\"http:\/\/www.josettevilleneuve.com\/?attachment_id=5853\" class=\"wp-image-5853\" srcset=\"https:\/\/www.josettevilleneuve.com\/wp-content\/uploads\/2020\/11\/02.GC_-1024x768.jpg 1024w, https:\/\/www.josettevilleneuve.com\/wp-content\/uploads\/2020\/11\/02.GC_-300x225.jpg 300w, https:\/\/www.josettevilleneuve.com\/wp-content\/uploads\/2020\/11\/02.GC_-768x576.jpg 768w\" sizes=\"(max-width: 1024px) 100vw, 1024px\" \/><\/figure><\/li><li class=\"blocks-gallery-item\"><figure><img loading=\"lazy\" width=\"1024\" height=\"768\" src=\"http:\/\/www.josettevilleneuve.com\/wp-content\/uploads\/2020\/11\/03.GC_-1024x768.jpg\" alt=\"\" data-id=\"5854\" data-link=\"http:\/\/www.josettevilleneuve.com\/?attachment_id=5854\" class=\"wp-image-5854\" srcset=\"https:\/\/www.josettevilleneuve.com\/wp-content\/uploads\/2020\/11\/03.GC_-1024x768.jpg 1024w, https:\/\/www.josettevilleneuve.com\/wp-content\/uploads\/2020\/11\/03.GC_-300x225.jpg 300w, https:\/\/www.josettevilleneuve.com\/wp-content\/uploads\/2020\/11\/03.GC_-768x576.jpg 768w\" sizes=\"(max-width: 1024px) 100vw, 1024px\" \/><\/figure><\/li><li class=\"blocks-gallery-item\"><figure><img loading=\"lazy\" width=\"1024\" height=\"768\" src=\"http:\/\/www.josettevilleneuve.com\/wp-content\/uploads\/2020\/11\/04.GC_-1024x768.jpg\" alt=\"\" data-id=\"5855\" data-link=\"http:\/\/www.josettevilleneuve.com\/?attachment_id=5855\" class=\"wp-image-5855\" srcset=\"https:\/\/www.josettevilleneuve.com\/wp-content\/uploads\/2020\/11\/04.GC_-1024x768.jpg 1024w, https:\/\/www.josettevilleneuve.com\/wp-content\/uploads\/2020\/11\/04.GC_-300x225.jpg 300w, https:\/\/www.josettevilleneuve.com\/wp-content\/uploads\/2020\/11\/04.GC_-768x576.jpg 768w\" sizes=\"(max-width: 1024px) 100vw, 1024px\" \/><\/figure><\/li><\/ul>\n\n\n\n<ul class=\"wp-block-gallery columns-3 is-cropped\"><li class=\"blocks-gallery-item\"><figure><img loading=\"lazy\" width=\"1024\" height=\"683\" src=\"http:\/\/www.josettevilleneuve.com\/wp-content\/uploads\/2019\/06\/interzone-4x6-ok-1-1024x683.jpg\" alt=\"\" data-id=\"5264\" data-link=\"http:\/\/www.josettevilleneuve.com\/?attachment_id=5264\" class=\"wp-image-5264\" srcset=\"https:\/\/www.josettevilleneuve.com\/wp-content\/uploads\/2019\/06\/interzone-4x6-ok-1-1024x683.jpg 1024w, https:\/\/www.josettevilleneuve.com\/wp-content\/uploads\/2019\/06\/interzone-4x6-ok-1-300x200.jpg 300w, https:\/\/www.josettevilleneuve.com\/wp-content\/uploads\/2019\/06\/interzone-4x6-ok-1-768x512.jpg 768w, https:\/\/www.josettevilleneuve.com\/wp-content\/uploads\/2019\/06\/interzone-4x6-ok-1.jpg 1800w\" sizes=\"(max-width: 1024px) 100vw, 1024px\" \/><\/figure><\/li><li class=\"blocks-gallery-item\"><figure><img loading=\"lazy\" width=\"1024\" height=\"768\" src=\"http:\/\/www.josettevilleneuve.com\/wp-content\/uploads\/2020\/11\/DSC00528-1-1024x768.jpg\" alt=\"\" data-id=\"5905\" data-link=\"http:\/\/www.josettevilleneuve.com\/?attachment_id=5905\" class=\"wp-image-5905\" srcset=\"https:\/\/www.josettevilleneuve.com\/wp-content\/uploads\/2020\/11\/DSC00528-1-1024x768.jpg 1024w, https:\/\/www.josettevilleneuve.com\/wp-content\/uploads\/2020\/11\/DSC00528-1-300x225.jpg 300w, https:\/\/www.josettevilleneuve.com\/wp-content\/uploads\/2020\/11\/DSC00528-1-768x576.jpg 768w, https:\/\/www.josettevilleneuve.com\/wp-content\/uploads\/2020\/11\/DSC00528-1.jpg 1365w\" sizes=\"(max-width: 1024px) 100vw, 1024px\" \/><\/figure><\/li><li class=\"blocks-gallery-item\"><figure><img loading=\"lazy\" width=\"1024\" height=\"683\" src=\"http:\/\/www.josettevilleneuve.com\/wp-content\/uploads\/2020\/11\/07_villeneuve-1024x683.jpg\" alt=\"\" data-id=\"6074\" data-link=\"http:\/\/www.josettevilleneuve.com\/?attachment_id=6074\" class=\"wp-image-6074\" srcset=\"https:\/\/www.josettevilleneuve.com\/wp-content\/uploads\/2020\/11\/07_villeneuve-1024x683.jpg 1024w, https:\/\/www.josettevilleneuve.com\/wp-content\/uploads\/2020\/11\/07_villeneuve-300x200.jpg 300w, https:\/\/www.josettevilleneuve.com\/wp-content\/uploads\/2020\/11\/07_villeneuve-768x512.jpg 768w\" sizes=\"(max-width: 1024px) 100vw, 1024px\" \/><\/figure><\/li><li class=\"blocks-gallery-item\"><figure><img loading=\"lazy\" width=\"1024\" height=\"683\" src=\"http:\/\/www.josettevilleneuve.com\/wp-content\/uploads\/2020\/11\/42672109_475209316310101_5745772089986514944_n-1024x683.jpg\" alt=\"\" data-id=\"6075\" data-link=\"http:\/\/www.josettevilleneuve.com\/?attachment_id=6075\" class=\"wp-image-6075\" srcset=\"https:\/\/www.josettevilleneuve.com\/wp-content\/uploads\/2020\/11\/42672109_475209316310101_5745772089986514944_n-1024x683.jpg 1024w, https:\/\/www.josettevilleneuve.com\/wp-content\/uploads\/2020\/11\/42672109_475209316310101_5745772089986514944_n-300x200.jpg 300w, https:\/\/www.josettevilleneuve.com\/wp-content\/uploads\/2020\/11\/42672109_475209316310101_5745772089986514944_n-768x512.jpg 768w\" sizes=\"(max-width: 1024px) 100vw, 1024px\" \/><\/figure><\/li><li class=\"blocks-gallery-item\"><figure><img loading=\"lazy\" width=\"1024\" height=\"768\" src=\"http:\/\/www.josettevilleneuve.com\/wp-content\/uploads\/2020\/11\/Sur-le-motif-1024x768.jpg\" alt=\"\" data-id=\"6076\" data-link=\"http:\/\/www.josettevilleneuve.com\/?attachment_id=6076\" class=\"wp-image-6076\" srcset=\"https:\/\/www.josettevilleneuve.com\/wp-content\/uploads\/2020\/11\/Sur-le-motif-1024x768.jpg 1024w, https:\/\/www.josettevilleneuve.com\/wp-content\/uploads\/2020\/11\/Sur-le-motif-300x225.jpg 300w, https:\/\/www.josettevilleneuve.com\/wp-content\/uploads\/2020\/11\/Sur-le-motif-768x576.jpg 768w, https:\/\/www.josettevilleneuve.com\/wp-content\/uploads\/2020\/11\/Sur-le-motif.jpg 1365w\" sizes=\"(max-width: 1024px) 100vw, 1024px\" \/><\/figure><\/li><li class=\"blocks-gallery-item\"><figure><img loading=\"lazy\" width=\"1024\" height=\"678\" src=\"http:\/\/www.josettevilleneuve.com\/wp-content\/uploads\/2020\/11\/art-exposition-ruelle-1024x678-1024x678.jpg\" alt=\"\" data-id=\"6077\" data-link=\"http:\/\/www.josettevilleneuve.com\/?attachment_id=6077\" class=\"wp-image-6077\" srcset=\"https:\/\/www.josettevilleneuve.com\/wp-content\/uploads\/2020\/11\/art-exposition-ruelle-1024x678.jpg 1024w, https:\/\/www.josettevilleneuve.com\/wp-content\/uploads\/2020\/11\/art-exposition-ruelle-1024x678-300x199.jpg 300w, https:\/\/www.josettevilleneuve.com\/wp-content\/uploads\/2020\/11\/art-exposition-ruelle-1024x678-768x509.jpg 768w\" sizes=\"(max-width: 1024px) 100vw, 1024px\" \/><\/figure><\/li><\/ul>\n\n\n\n<p> Dans ma d\u00e9marche, je m\u2019approprie des images, des objets, des  art\u00e9facts du quotidien pour les d\u00e9tourner de leur fonction premi\u00e8re et  en exploiter le potentiel ludique, po\u00e9tique, chim\u00e9rique, esth\u00e9tique.  L\u2019id\u00e9e de travailler un mat\u00e9riau usuel, une mati\u00e8re plastique dite  ind\u00e9sirable (des megablocs) dans ce lieu \u00ab&nbsp;trash&nbsp;\u00bb&nbsp; m\u2019est apparue  amusante, joyeuse, et allait dans la surcharge de couleurs et de  mat\u00e9riaux que j\u2019affectionne. Les motifs g\u00e9om\u00e9triques&nbsp; reproduits s\u2019inspirent d\u2019\u00e9l\u00e9ments architecturaux t\u00e9moignant du savoir-faire des artisans briqueteurs de l\u2019\u00e9poque, qui se donnaient \u00e0 fond dans la fioriture et l\u2019ornement pour enjoliver les fa\u00e7ades et le haut des immeubles des quartiers ouvriers, \u00e9rig\u00e9s pendant le boom immobilier de la p\u00e9riode industrielle shawiniganaise.<\/p>\n","protected":false},"excerpt":{"rendered":"<p>Installation de Josette Villeneuve, \u00e9v\u00e9nement Interzone 2019 Dans ma d\u00e9marche, je m\u2019approprie des images, des objets, des art\u00e9facts du quotidien pour les d\u00e9tourner de leur fonction premi\u00e8re et en exploiter le potentiel ludique, po\u00e9tique, chim\u00e9rique, esth\u00e9tique. L\u2019id\u00e9e de travailler un mat\u00e9riau usuel, une mati\u00e8re plastique dite ind\u00e9sirable (des megablocs) dans ce lieu \u00ab&nbsp;trash&nbsp;\u00bb&nbsp; m\u2019est apparue<a class=\"rmore\" href=\"https:\/\/www.josettevilleneuve.com\/?page_id=5840\">&nbsp;&nbsp; Read More &#8230;<\/a><\/p>\n","protected":false},"author":1,"featured_media":0,"parent":0,"menu_order":0,"comment_status":"closed","ping_status":"closed","template":"","meta":[],"_links":{"self":[{"href":"https:\/\/www.josettevilleneuve.com\/index.php?rest_route=\/wp\/v2\/pages\/5840"}],"collection":[{"href":"https:\/\/www.josettevilleneuve.com\/index.php?rest_route=\/wp\/v2\/pages"}],"about":[{"href":"https:\/\/www.josettevilleneuve.com\/index.php?rest_route=\/wp\/v2\/types\/page"}],"author":[{"embeddable":true,"href":"https:\/\/www.josettevilleneuve.com\/index.php?rest_route=\/wp\/v2\/users\/1"}],"replies":[{"embeddable":true,"href":"https:\/\/www.josettevilleneuve.com\/index.php?rest_route=%2Fwp%2Fv2%2Fcomments&post=5840"}],"version-history":[{"count":7,"href":"https:\/\/www.josettevilleneuve.com\/index.php?rest_route=\/wp\/v2\/pages\/5840\/revisions"}],"predecessor-version":[{"id":6229,"href":"https:\/\/www.josettevilleneuve.com\/index.php?rest_route=\/wp\/v2\/pages\/5840\/revisions\/6229"}],"wp:attachment":[{"href":"https:\/\/www.josettevilleneuve.com\/index.php?rest_route=%2Fwp%2Fv2%2Fmedia&parent=5840"}],"curies":[{"name":"wp","href":"https:\/\/api.w.org\/{rel}","templated":true}]}}