{"id":6010,"date":"2020-11-27T12:57:51","date_gmt":"2020-11-27T17:57:51","guid":{"rendered":"http:\/\/www.josettevilleneuve.com\/?page_id=6010"},"modified":"2020-11-28T13:57:19","modified_gmt":"2020-11-28T18:57:19","slug":"2020-la-beaute-du-monde","status":"publish","type":"page","link":"https:\/\/www.josettevilleneuve.com\/?page_id=6010","title":{"rendered":"La beaut\u00e9 du monde"},"content":{"rendered":"\n<p><strong>Mus\u00e9e H\u00f4tel des postes, Victoriaville. Du 25 juin au 11 octobre 2020<\/strong><\/p>\n\n\n\n<p>Invit\u00e9e \npar Jocelyne Fortin directrice et conservatrice du Mus\u00e9e H\u00f4tel des \npostes,  dans le cadre de l\u2019exposition th\u00e9matique : \u00ab&nbsp;La beaut\u00e9 du \nmonde&nbsp;\u00bb. Lire le texte de Jocelyne Fortin <a href=\"http:\/\/www.josettevilleneuve.com\/?page_id=6010\">ici<\/a><\/p>\n\n\n\n<figure class=\"wp-block-image\"><img loading=\"lazy\" width=\"1024\" height=\"681\" src=\"http:\/\/www.josettevilleneuve.com\/wp-content\/uploads\/2020\/10\/beaut\u00e9-1-1600x1064-1024x681.jpg\" alt=\"\" class=\"wp-image-5741\" srcset=\"https:\/\/www.josettevilleneuve.com\/wp-content\/uploads\/2020\/10\/beaut\u00e9-1-1600x1064-1024x681.jpg 1024w, https:\/\/www.josettevilleneuve.com\/wp-content\/uploads\/2020\/10\/beaut\u00e9-1-1600x1064-300x200.jpg 300w, https:\/\/www.josettevilleneuve.com\/wp-content\/uploads\/2020\/10\/beaut\u00e9-1-1600x1064-768x511.jpg 768w, https:\/\/www.josettevilleneuve.com\/wp-content\/uploads\/2020\/10\/beaut\u00e9-1-1600x1064.jpg 1600w\" sizes=\"(max-width: 1024px) 100vw, 1024px\" \/><figcaption><a href=\"https:\/\/www.lanouvelle.net\/2020\/07\/14\/la-beaute-du-monde-vue-par-cinq-artistes\/\">La Nouvelle union, par Manon Toupin, 14\/07\/20<\/a><\/figcaption><\/figure>\n\n\n\n<p class=\"has-background has-medium-font-size has-cyan-bluish-gray-background-color\">Le texte de Jocelyne Fortin, directrice g\u00e9n\u00e9rale et conservatrice du Mus\u00e9e H\u00f4tel des postes :<\/p>\n\n\n\n<p>L\u2019exposition <em>La\nbeaut\u00e9 du monde<\/em> se d\u00e9ploie au rez-de-chauss\u00e9e et au premier \u00e9tage de\nl\u2019H\u00f4tel des Postes. La premi\u00e8re salle est consacr\u00e9e \u00e0 une \u0153uvre monumentale de\nJosette Villeneuve, intitul\u00e9e <em>Un monde \u00e0\nraccommoder<\/em>. L\u2019installation murale propose deux mappemondes. La premi\u00e8re\ns\u2019inspire des continents, tels que nous les repr\u00e9sentons actuellement. La\ndeuxi\u00e8me est quant \u00e0 elle positionn\u00e9e de mani\u00e8re renvers\u00e9e, le sud est en haut\net le nord est en bas. La forme \u00e9tir\u00e9e des continents rappelle les anciennes\ncartes des explorateurs. Le bas de la murale sugg\u00e8re plusieurs drapeaux\nembl\u00e9matiques de diff\u00e9rents pays. L\u2019artiste a choisi de les repr\u00e9senter afin de\nfixer dans le temps les pays souvent cit\u00e9s dans les manchettes internationales\nen 2005-2006, ann\u00e9e de r\u00e9alisation de l\u2019\u0153uvre. On y reconna\u00eet de gauche \u00e0\ndroite les drapeaux de la Russie, du Pakistan, de la Syrie, de la Gr\u00e8ce, de\nl\u2019Iran, du Bangladesh, des \u00c9tats-Unis, d\u2019Isra\u00ebl et de l\u2019Italie.<\/p>\n\n\n\n<p>On oublie qu\u2019une \u00e9tiquette est une broderie et un\nobjet d\u2019identification; une sorte de mini drapeau identifiant une compagnie,\ndes fabricants, une industrie de la mode, des consommateurs, etc. Cet objet\nbanal est pourtant pourvu d\u2019une certaine beaut\u00e9, que l\u2019on regarde la\ncomposition du recto ou bien celle de son verso. Il s\u2019agit d\u2019un objet qui a \u00e9t\u00e9\ndessin\u00e9, puis con\u00e7u avec soin avec des fils d\u2019une grande qualit\u00e9. La cr\u00e9ativit\u00e9\nse d\u00e9ploie de diverses mani\u00e8res et, dans les moindres d\u00e9tails, l\u2019humain\nintervient en laissant sa trace.<\/p>\n\n\n\n<p>Ce qui est sublimatoire dans cette \u0153uvre ce n\u2019est pas\nla repr\u00e9sentation des mappemondes, bien qu\u2019elles soient magnifiquement\n\u00e9voqu\u00e9es, mais bien la mani\u00e8re dont elles ont \u00e9t\u00e9 r\u00e9alis\u00e9es. De simples\n\u00e9tiquettes de v\u00eatements confectionn\u00e9es et cousues \u00e0 la grandeur du monde se\nretrouvent \u00e9pingl\u00e9es ensemble pour former notre Terre. Le labeur qu\u2019a demand\u00e9\ncette r\u00e9alisation extraordinaire fait partie de la beaut\u00e9 de l\u2019\u0153uvre. Une qu\u00eate\nd\u2019\u00e9tiquettes dans les d\u00e9p\u00f4ts de v\u00eatements usag\u00e9s qui sont jet\u00e9s, parce qu\u2019ils\nne peuvent pas \u00eatre revendus. L\u2019\u0153uvre porte en elle tout le travail des\nouvri\u00e8res et des ouvriers des usines textiles \u00e0 travers le monde. Elle soutient\nune r\u00e9flexion sur l\u2019industrie manufacturi\u00e8re qui pr\u00e9f\u00e8re souvent s\u2019installer l\u00e0\no\u00f9 la main-d\u2019\u0153uvre est abondante et moins exigeante. L\u2019installation murale n\u2019\u00e9chappe\npas non plus \u00e0 une r\u00e9flexion \u00e9cologique, puisque toutes les \u00e9tiquettes\nproviennent de v\u00eatements qui ont \u00e9t\u00e9 d\u00e9truits et pourtant nous continuons\ninsatiablement \u00e0 en produire d\u2019autres qui subiront un jour ou l\u2019autre le m\u00eame\nsort. <\/p>\n\n\n\n<p>Cette murale offre plusieurs niveaux de compr\u00e9hension\nimplicites. Josette Villeneuve ne propose pas dans cette \u0153uvre un grand\ndiscours sur l\u2019\u00e9thique internationale, mais elle \u00e9voque simplement par le titre\nde l\u2019\u0153uvre, <em>Un monde \u00e0 raccommoder<\/em>,\nla beaut\u00e9 du monde; celle d\u2019aujourd\u2019hui, celle des premiers explorateurs, celle\nde ceux qui fa\u00e7onnent l\u2019actualit\u00e9 internationale par l\u2019impact de leurs\nd\u00e9cisions\u2026 L\u2019artiste souligne que cette beaut\u00e9 du monde est suffisamment\nremarquable pour \u00eatre raccommod\u00e9e, m\u00eame si la r\u00e9paration demeurera visible dans\nnotre histoire. Ce sont peut-\u00eatre m\u00eame ces cicatrices qui, lorsqu\u2019elles sont\ngu\u00e9ries, font la beaut\u00e9 de notre humanit\u00e9. <\/p>\n\n\n\n<p>Notre volont\u00e9 de vaincre nos imperfections et de\nchanger l\u2019histoire de notre humanit\u00e9 s\u2019accentue; nos valeurs changent, notre\ntol\u00e9rance s\u2019\u00e9mancipe, notre sens des responsabilit\u00e9s s\u2019accro\u00eet. Des cris du c\u0153ur se font attendre, des virus\nnaissent et des \u0153uvres sont cr\u00e9\u00e9es afin que l\u2019humanit\u00e9 soit \u00e0 son meilleur.\nCette invitation \u00e0 faire partie de ce changement vous est lanc\u00e9e\u2026<\/p>\n\n\n\n<p><em>La beaut\u00e9 du\nmonde<\/em> est\naussi cach\u00e9e dans les fragments de notre Terre et l\u2019exposition se poursuit au\npremier \u00e9tage pour en contempler d\u2019autres aspects. Bonne fin de visite!<\/p>\n","protected":false},"excerpt":{"rendered":"<p>Mus\u00e9e H\u00f4tel des postes, Victoriaville. Du 25 juin au 11 octobre 2020 Invit\u00e9e par Jocelyne Fortin directrice et conservatrice du Mus\u00e9e H\u00f4tel des postes, dans le cadre de l\u2019exposition th\u00e9matique : \u00ab&nbsp;La beaut\u00e9 du monde&nbsp;\u00bb. Lire le texte de Jocelyne Fortin ici Le texte de Jocelyne Fortin, directrice g\u00e9n\u00e9rale et conservatrice du Mus\u00e9e H\u00f4tel des<a class=\"rmore\" href=\"https:\/\/www.josettevilleneuve.com\/?page_id=6010\">&nbsp;&nbsp; Read More &#8230;<\/a><\/p>\n","protected":false},"author":1,"featured_media":0,"parent":0,"menu_order":0,"comment_status":"closed","ping_status":"closed","template":"","meta":[],"_links":{"self":[{"href":"https:\/\/www.josettevilleneuve.com\/index.php?rest_route=\/wp\/v2\/pages\/6010"}],"collection":[{"href":"https:\/\/www.josettevilleneuve.com\/index.php?rest_route=\/wp\/v2\/pages"}],"about":[{"href":"https:\/\/www.josettevilleneuve.com\/index.php?rest_route=\/wp\/v2\/types\/page"}],"author":[{"embeddable":true,"href":"https:\/\/www.josettevilleneuve.com\/index.php?rest_route=\/wp\/v2\/users\/1"}],"replies":[{"embeddable":true,"href":"https:\/\/www.josettevilleneuve.com\/index.php?rest_route=%2Fwp%2Fv2%2Fcomments&post=6010"}],"version-history":[{"count":8,"href":"https:\/\/www.josettevilleneuve.com\/index.php?rest_route=\/wp\/v2\/pages\/6010\/revisions"}],"predecessor-version":[{"id":6052,"href":"https:\/\/www.josettevilleneuve.com\/index.php?rest_route=\/wp\/v2\/pages\/6010\/revisions\/6052"}],"wp:attachment":[{"href":"https:\/\/www.josettevilleneuve.com\/index.php?rest_route=%2Fwp%2Fv2%2Fmedia&parent=6010"}],"curies":[{"name":"wp","href":"https:\/\/api.w.org\/{rel}","templated":true}]}}